{"id":6720,"date":"2016-12-09T21:34:38","date_gmt":"2016-12-09T20:34:38","guid":{"rendered":"http:\/\/s323197849.onlinehome.fr\/?page_id=6720"},"modified":"2026-03-19T10:34:33","modified_gmt":"2026-03-19T09:34:33","slug":"lettre-pastorale-christophe-dufour","status":"publish","type":"page","link":"https:\/\/uparbois.org\/?page_id=6720","title":{"rendered":"INSCRIPTIONS"},"content":{"rendered":"<table style=\"border-collapse: collapse; width: 100%; height: 911px;\">\n<tbody>\n<tr style=\"background-color: #faf2f2;\">\n<td style=\"width: 100%; height: 198px; background-color: #f50733;\">\n<h3 style=\"text-align: center;\"><span style=\"color: #ffffff; background-color: #ff0000;\"><em><strong>Utiliser de pr\u00e9f\u00e9rence un ordinateur <\/strong><\/em><\/span><\/h3>\n<h3 style=\"text-align: center;\"><span style=\"color: #ffffff; background-color: #ff0000;\"><em><strong>pour enregistrer une inscription&#8230; <\/strong><\/em><\/span><\/h3>\n<h3 style=\"text-align: center;\"><span style=\"color: #ffffff; background-color: #ff0000;\"><em><strong>Votre smartphone risque de vous <\/strong><\/em><\/span><\/h3>\n<h3 style=\"text-align: center;\"><span style=\"color: #ffffff; background-color: #ff0000;\"><em><strong>masquer <\/strong> <strong> des cases obligatoires <\/strong><\/em><\/span><\/h3>\n<h3 style=\"text-align: center;\"><span style=\"color: #ffffff; background-color: #ff0000;\"><strong><em>et d&#8217;emp\u00eacher la validation <\/em><\/strong><\/span><\/h3>\n<h3 style=\"text-align: center;\"><span style=\"color: #0000ff;\"><strong><span style=\"color: #ffffff; background-color: #ff0000;\"><em>de votre inscription<\/em><\/span><br \/><\/strong><\/span><\/h3>\n<\/td>\n<\/tr>\n<tr style=\"height: 108px;\">\n<td style=\"width: 100%; height: 108px; background-color: #c1f7f0;\">\n<h3><span style=\"color: #0000ff;\"><a style=\"color: #0000ff;\" href=\"https:\/\/public.enoria.app\/pubinsc\/gp\/1900b9ccabf613b\/open\" target=\"_blank\" rel=\"noopener\"><strong>RECEVOIR LA GAZETTE <\/strong><\/a><\/span><\/h3>\n<h3><span style=\"color: #0000ff;\"><a style=\"color: #0000ff;\" href=\"https:\/\/public.enoria.app\/pubinsc\/gp\/1900b9ccabf613b\/open\" target=\"_blank\" rel=\"noopener\"><strong>DES PAROISSES<\/strong><\/a><\/span><\/h3>\n<\/td>\n<\/tr>\n<tr style=\"height: 108px;\">\n<td style=\"width: 100%; height: 108px;\">\n<h3><span style=\"color: #ff0000;\"><a style=\"color: #ff0000;\" href=\"https:\/\/public.enoria.app\/pubinsc\/gp\/7bc74fb3de44cc5\/open\" target=\"_blank\" rel=\"noopener\"><strong>FAIRE UNE DEMANDE DE BAPT\u00caME<\/strong><\/a><\/span><\/h3>\n<\/td>\n<\/tr>\n<tr style=\"height: 97px;\">\n<td style=\"width: 100%; height: 97px; background-color: #c1f7f0;\">\n<h4><a href=\"https:\/\/uparbois.org\/?page_id=1619\" target=\"_blank\" rel=\"noopener\">INFOS CAT\u00c9CHISME 25-26<\/a><\/h4>\n<h4><a href=\"https:\/\/public.enoria.app\/pubinsc\/gp\/38d8ab79c1d5396\/open\" target=\"_blank\" rel=\"noopener\"><span style=\"text-decoration: underline;\"><strong><span style=\"color: #0000ff; text-decoration: underline;\">S&rsquo;INSCRIRE AU CAT\u00c9CHISME 25-26<\/span><\/strong><\/span><\/a><\/h4>\n<hr \/>\n<h4><a href=\"https:\/\/uparbois.org\/?page_id=1625\" target=\"_blank\" rel=\"noopener\">INFOS AUM\u00d4NERIE LYC\u00c9E 25-26<\/a><\/h4>\n<h4><a href=\"https:\/\/public.enoria.app\/pubinsc\/gp\/c4b0501783fa9af\/open\" target=\"_blank\" rel=\"noopener\"><span style=\"text-decoration: underline;\"><strong><span style=\"color: #0000ff; text-decoration: underline;\">S&rsquo;INSCRIRE \u00c0 L&rsquo; AUM\u00d4NERIE 25-26<\/span><\/strong><\/span><\/a><\/h4>\n<\/td>\n<\/tr>\n<tr style=\"height: 75px;\">\n<td style=\"width: 100%; height: 75px;\">\n<h4><a href=\"https:\/\/oclocher.app\/\" target=\"_blank\" rel=\"noopener\"><strong>NOUS REJOINDRE SUR O&rsquo;CLOCHER<\/strong><\/a><\/h4>\n<\/td>\n<\/tr>\n<tr style=\"height: 75px;\">\n<td style=\"width: 100%; height: 75px; background-color: #c6f7f5;\">\n<h3>S&rsquo;ENGAGER POUR OUVRIR :<\/h3>\n<h3><a href=\"https:\/\/beta.framadate.org\/polls\/b8362fc03ee5589b9859\" target=\"_blank\" rel=\"noopener\">&#8211; LA CHAPELLE DE BOUC BEL-AIR<\/a><\/h3>\n<h3><a href=\"https:\/\/framadate.crans.org\/b3M6VsGncsEdsg3d\" target=\"_blank\" rel=\"noopener\"><strong>&#8211; LA CHAPELLE DE CALAS<\/strong><\/a><\/h3>\n<\/td>\n<\/tr>\n<tr style=\"height: 78px;\">\n<td style=\"width: 100%; height: 78px;\">\n<h3><span style=\"color: #0000ff; background-color: #ccffcc;\"><strong><a href=\"https:\/\/us02web.zoom.us\/j\/5922817683?pwd=ODZQQzhYcmNTZzJXa0pSTGJoQ3NOUT09#success\" target=\"_blank\" rel=\"noopener\">PARTICIPER \u00c0 UNE R\u00c9UNION <\/a><\/strong><\/span><\/h3>\n<h3><span style=\"color: #0000ff; background-color: #ccffcc;\"><strong><a href=\"https:\/\/us02web.zoom.us\/j\/5922817683?pwd=ODZQQzhYcmNTZzJXa0pSTGJoQ3NOUT09#success\" target=\"_blank\" rel=\"noopener\">ou CHAPELET ZOOM<\/a><\/strong><\/span><\/h3>\n<\/td>\n<\/tr>\n<tr style=\"background-color: #b7f7ef;\">\n<td style=\"width: 100%; height: 78px;\">\n<h3><a href=\"https:\/\/public.enoria.app\/pubinsc\/gp\/52e8039cef43d7b\/open\" target=\"_blank\" rel=\"noopener\">\u00caTRE INFORM\u00c9 DES <\/a><\/h3>\n<h3><a href=\"https:\/\/public.enoria.app\/pubinsc\/gp\/52e8039cef43d7b\/open\" target=\"_blank\" rel=\"noopener\">MESSES DE SEMAINE<\/a><\/h3>\n<\/td>\n<\/tr>\n<tr style=\"height: 97px;\">\n<td style=\"width: 100%; background-color: #4ef551; height: 94px;\">\n<p><span style=\"color: #ffffff;\"><strong><span style=\"color: #ff0000;\"><span style=\"text-decoration: underline;\"><a href=\"https:\/\/public.enoria.app\/pubinsc\/foyer\/login?p=177\" target=\"_blank\" rel=\"noopener\">CR\u00c9ER, V\u00c9RIFIER OU METTRE \u00c0\u00a0 JOUR <\/a><\/span><\/span><\/strong><\/span><\/p>\n<p><span style=\"color: #ffffff;\"><strong><span style=\"color: #ff0000;\"><span style=\"text-decoration: underline;\"><a href=\"https:\/\/public.enoria.app\/pubinsc\/foyer\/login?p=177\" target=\"_blank\" rel=\"noopener\">MA FICHE PERSONNELLE (RGPD<\/a>)<\/span><\/span><br \/><\/strong><\/span><\/p>\n<\/td>\n<\/tr>\n<\/tbody>\n<\/table>\n\n\n<hr \/>\n<h1>\u00a0<\/h1>\n","protected":false},"excerpt":{"rendered":"<p>Utiliser de pr\u00e9f\u00e9rence un ordinateur pour enregistrer une inscription&#8230; Votre smartphone risque de vous masquer des cases obligatoires et d&#8217;emp\u00eacher la validation de votre inscription RECEVOIR LA GAZETTE DES PAROISSES FAIRE UNE DEMANDE DE BAPT\u00caME INFOS CAT\u00c9CHISME 25-26 S&rsquo;INSCRIRE AU CAT\u00c9CHISME 25-26 INFOS AUM\u00d4NERIE LYC\u00c9E 25-26 S&rsquo;INSCRIRE \u00c0 L&rsquo; AUM\u00d4NERIE 25-26 NOUS REJOINDRE SUR O&rsquo;CLOCHER [&hellip;]<\/p>\n","protected":false},"author":3,"featured_media":0,"parent":0,"menu_order":0,"comment_status":"closed","ping_status":"closed","template":"","meta":{"ocean_post_layout":"","ocean_both_sidebars_style":"","ocean_both_sidebars_content_width":0,"ocean_both_sidebars_sidebars_width":0,"ocean_sidebar":"0","ocean_second_sidebar":"0","ocean_disable_margins":"enable","ocean_add_body_class":"","ocean_shortcode_before_top_bar":"","ocean_shortcode_after_top_bar":"","ocean_shortcode_before_header":"","ocean_shortcode_after_header":"","ocean_has_shortcode":"","ocean_shortcode_after_title":"","ocean_shortcode_before_footer_widgets":"","ocean_shortcode_after_footer_widgets":"","ocean_shortcode_before_footer_bottom":"","ocean_shortcode_after_footer_bottom":"","ocean_display_top_bar":"default","ocean_display_header":"default","ocean_header_style":"","ocean_center_header_left_menu":"0","ocean_custom_header_template":"0","ocean_custom_logo":0,"ocean_custom_retina_logo":0,"ocean_custom_logo_max_width":0,"ocean_custom_logo_tablet_max_width":0,"ocean_custom_logo_mobile_max_width":0,"ocean_custom_logo_max_height":0,"ocean_custom_logo_tablet_max_height":0,"ocean_custom_logo_mobile_max_height":0,"ocean_header_custom_menu":"0","ocean_menu_typo_font_family":"0","ocean_menu_typo_font_subset":"","ocean_menu_typo_font_size":0,"ocean_menu_typo_font_size_tablet":0,"ocean_menu_typo_font_size_mobile":0,"ocean_menu_typo_font_size_unit":"px","ocean_menu_typo_font_weight":"","ocean_menu_typo_font_weight_tablet":"","ocean_menu_typo_font_weight_mobile":"","ocean_menu_typo_transform":"","ocean_menu_typo_transform_tablet":"","ocean_menu_typo_transform_mobile":"","ocean_menu_typo_line_height":0,"ocean_menu_typo_line_height_tablet":0,"ocean_menu_typo_line_height_mobile":0,"ocean_menu_typo_line_height_unit":"","ocean_menu_typo_spacing":0,"ocean_menu_typo_spacing_tablet":0,"ocean_menu_typo_spacing_mobile":0,"ocean_menu_typo_spacing_unit":"","ocean_menu_link_color":"","ocean_menu_link_color_hover":"","ocean_menu_link_color_active":"","ocean_menu_link_background":"","ocean_menu_link_hover_background":"","ocean_menu_link_active_background":"","ocean_menu_social_links_bg":"","ocean_menu_social_hover_links_bg":"","ocean_menu_social_links_color":"","ocean_menu_social_hover_links_color":"","ocean_disable_title":"default","ocean_disable_heading":"default","ocean_post_title":"","ocean_post_subheading":"","ocean_post_title_style":"","ocean_post_title_background_color":"","ocean_post_title_background":0,"ocean_post_title_bg_image_position":"","ocean_post_title_bg_image_attachment":"","ocean_post_title_bg_image_repeat":"","ocean_post_title_bg_image_size":"","ocean_post_title_height":0,"ocean_post_title_bg_overlay":0.5,"ocean_post_title_bg_overlay_color":"","ocean_disable_breadcrumbs":"default","ocean_breadcrumbs_color":"","ocean_breadcrumbs_separator_color":"","ocean_breadcrumbs_links_color":"","ocean_breadcrumbs_links_hover_color":"","ocean_display_footer_widgets":"default","ocean_display_footer_bottom":"default","ocean_custom_footer_template":"0","footnotes":""},"_links":{"self":[{"href":"https:\/\/uparbois.org\/index.php?rest_route=\/wp\/v2\/pages\/6720"}],"collection":[{"href":"https:\/\/uparbois.org\/index.php?rest_route=\/wp\/v2\/pages"}],"about":[{"href":"https:\/\/uparbois.org\/index.php?rest_route=\/wp\/v2\/types\/page"}],"author":[{"embeddable":true,"href":"https:\/\/uparbois.org\/index.php?rest_route=\/wp\/v2\/users\/3"}],"replies":[{"embeddable":true,"href":"https:\/\/uparbois.org\/index.php?rest_route=%2Fwp%2Fv2%2Fcomments&post=6720"}],"version-history":[{"count":354,"href":"https:\/\/uparbois.org\/index.php?rest_route=\/wp\/v2\/pages\/6720\/revisions"}],"predecessor-version":[{"id":20265,"href":"https:\/\/uparbois.org\/index.php?rest_route=\/wp\/v2\/pages\/6720\/revisions\/20265"}],"wp:attachment":[{"href":"https:\/\/uparbois.org\/index.php?rest_route=%2Fwp%2Fv2%2Fmedia&parent=6720"}],"curies":[{"name":"wp","href":"https:\/\/api.w.org\/{rel}","templated":true}]}}