{"id":3137,"date":"2014-12-11T21:51:03","date_gmt":"2014-12-11T19:51:03","guid":{"rendered":"http:\/\/s323197849.onlinehome.fr\/?page_id=3137"},"modified":"2025-01-18T12:59:19","modified_gmt":"2025-01-18T11:59:19","slug":"la-celebration","status":"publish","type":"page","link":"https:\/\/uparbois.org\/?page_id=3137","title":{"rendered":"La C\u00e9l\u00e9bration"},"content":{"rendered":"<p><strong><span style=\"background-color: #ccffff; color: #ff0000;\"><span style=\"text-decoration: underline;\"><img loading=\"lazy\" decoding=\"async\" class=\"size-thumbnail wp-image-19221 alignleft\" src=\"https:\/\/uparbois.org\/wp-content\/uploads\/2024\/09\/messe_calas_31_08_24_bc_006-100x100.jpg\" alt=\"\" width=\"100\" height=\"100\" srcset=\"https:\/\/uparbois.org\/wp-content\/uploads\/2024\/09\/messe_calas_31_08_24_bc_006-100x100.jpg 100w, https:\/\/uparbois.org\/wp-content\/uploads\/2024\/09\/messe_calas_31_08_24_bc_006-600x600.jpg 600w\" sizes=\"(max-width: 100px) 100vw, 100px\" \/>Offrir une Messe<\/span>&#8230;<\/span><\/strong><\/p>\n<p>Un beau cadeau pour ceux que l&rsquo;on aime !<\/p>\n<p><a href=\"https:\/\/uparbois.org\/wp-content\/uploads\/2014\/12\/Offrir-une-messe-verso.pdf\" target=\"_blank\" rel=\"noopener noreferrer\"><em>Imprimer le formulaire<\/em><\/a><\/p>\n<table style=\"width: 80.7143%; height: 389px;\">\n<tbody>\n<tr style=\"height: 199px;\">\n<td style=\"width: 90.6825%; height: 199px;\" colspan=\"4\"><strong><span style=\"background-color: #008000; color: #ffff00;\">Les 4 \u00e9tapes de la Messe :\u00a0<\/span><\/strong><\/p>\n<p style=\"text-align: left;\"><a href=\"https:\/\/uparbois.org\/wp-content\/uploads\/2021\/09\/Liturgie-de-la-Messe-2021-Z.pdf\" target=\"_blank\" rel=\"noopener\"><span style=\"color: #ff0000;\"><strong>Le livret \u00ab\u00a0Liturgie de la messe \u00ab\u00a0<\/strong><\/span><\/a><\/p>\n<p style=\"text-align: left;\"><a href=\"https:\/\/uparbois.org\/wp-content\/uploads\/2021\/09\/Pourquoi-la-nouvelle-traduction.pdf\" target=\"_blank\" rel=\"noopener\"><span style=\"color: #0000ff;\"><strong>Pourquoi la nouvelle traduction<\/strong><\/span><\/a>\u00a0 <span style=\"font-size: 8pt;\"><em><a href=\"http:\/\/www.idees-cate.com\/le_cate.html\" target=\"_blank\" rel=\"noopener noreferrer\">(source \u00a0\u00bb Idees-Cate.com\u00a0\u00bb)<\/a><\/em><\/span><\/p>\n<p><img loading=\"lazy\" decoding=\"async\" class=\"wp-image-6067 alignnone\" src=\"https:\/\/uparbois.org\/wp-content\/uploads\/2014\/07\/KT-3DB-300x225.jpg\" alt=\"\" width=\"170\" height=\"128\" srcset=\"https:\/\/uparbois.org\/wp-content\/uploads\/2014\/07\/KT-3DB-300x225.jpg 300w, https:\/\/uparbois.org\/wp-content\/uploads\/2014\/07\/KT-3DB.jpg 668w\" sizes=\"(max-width: 170px) 100vw, 170px\" \/><strong> \u00a0<a title=\"Accueil\" href=\"https:\/\/uparbois.org\/wp-content\/uploads\/2014\/06\/Messe-Accueil.pdf\" target=\"_blank\" rel=\"noopener noreferrer\">Accueil<\/a><br \/>\n<\/strong><\/p>\n<p><img loading=\"lazy\" decoding=\"async\" class=\"wp-image-2348 alignnone\" src=\"https:\/\/uparbois.org\/wp-content\/uploads\/2014\/07\/Livre-300x200.jpg\" alt=\"\" width=\"170\" height=\"113\" srcset=\"https:\/\/uparbois.org\/wp-content\/uploads\/2014\/07\/Livre-300x200.jpg 300w, https:\/\/uparbois.org\/wp-content\/uploads\/2014\/07\/Livre.jpg 423w\" sizes=\"(max-width: 170px) 100vw, 170px\" \/> <strong><a title=\"La Parole\" href=\"https:\/\/uparbois.org\/wp-content\/uploads\/2014\/06\/Messe-Parole.pdf\" target=\"_blank\" rel=\"noopener noreferrer\">Parole<\/a>\u00a0<\/strong><\/p>\n<p><img loading=\"lazy\" decoding=\"async\" class=\"wp-image-7893 alignnone\" src=\"https:\/\/uparbois.org\/wp-content\/uploads\/2017\/02\/Eucharistie-2.jpg\" alt=\"\" width=\"129\" height=\"173\" \/><strong><a title=\"L'Eucharistie\" href=\"https:\/\/uparbois.org\/wp-content\/uploads\/2014\/06\/Messe-Eucharistie.pdf\" target=\"_blank\" rel=\"noopener noreferrer\">Eucharistie<\/a><\/strong><\/p>\n<p><img loading=\"lazy\" decoding=\"async\" class=\"wp-image-16132 alignnone\" src=\"https:\/\/uparbois.org\/wp-content\/uploads\/2021\/10\/Trebillane_2021_messe_de_rentree_bc_15-300x200.jpg\" alt=\"\" width=\"170\" height=\"113\" srcset=\"https:\/\/uparbois.org\/wp-content\/uploads\/2021\/10\/Trebillane_2021_messe_de_rentree_bc_15-300x200.jpg 300w, https:\/\/uparbois.org\/wp-content\/uploads\/2021\/10\/Trebillane_2021_messe_de_rentree_bc_15-1024x683.jpg 1024w, https:\/\/uparbois.org\/wp-content\/uploads\/2021\/10\/Trebillane_2021_messe_de_rentree_bc_15-768x512.jpg 768w, https:\/\/uparbois.org\/wp-content\/uploads\/2021\/10\/Trebillane_2021_messe_de_rentree_bc_15-1536x1024.jpg 1536w, https:\/\/uparbois.org\/wp-content\/uploads\/2021\/10\/Trebillane_2021_messe_de_rentree_bc_15-2048x1365.jpg 2048w\" sizes=\"(max-width: 170px) 100vw, 170px\" \/> \u00a0<strong><a title=\"Envoi\" href=\"https:\/\/uparbois.org\/wp-content\/uploads\/2014\/06\/Messe-Envoi.pdf\" target=\"_blank\" rel=\"noopener noreferrer\">Envoi<\/a><\/strong><\/td>\n<\/tr>\n<\/tbody>\n<\/table>\n<hr \/>\n<p><span style=\"text-decoration: underline; background-color: #ccffff; color: #ff0000;\"><strong>L&rsquo; ANIMATION LITURGIQUE<br \/>\n<\/strong><\/span><\/p>\n<table style=\"height: 168px; width: 100%;\" width=\"30%\">\n<tbody>\n<tr style=\"height: 24px;\">\n<td style=\"width: 30%; height: 24px; text-align: left;\"><a href=\"https:\/\/eglise.catholique.fr\/approfondir-sa-foi\/la-celebration-de-la-foi\/le-dimanche-jour-du-seigneur\/podcast-la-minute-liturgique\/\" target=\"_blank\" rel=\"noopener\"><span style=\"color: #0000ff;\"><strong><em><span style=\"color: #ff0000;\">La minute liturgique d&rsquo;Olivier Windels<\/span><\/em><\/strong><\/span><\/a><\/td>\n<\/tr>\n<tr style=\"height: 24px;\">\n<td style=\"width: 30%; height: 24px; text-align: left;\"><span style=\"color: #3366ff;\">\u00a0<a href=\"https:\/\/uparbois.org\/wp-content\/uploads\/2025\/01\/Calendrier-liturgique2025.pdf\" target=\"_blank\" rel=\"noopener\"><em><strong>Le calendrier liturgique 2025 ann\u00e9e C<\/strong><\/em><\/a><\/span><\/td>\n<\/tr>\n<tr style=\"height: 24px;\">\n<td style=\"width: 30%; height: 24px; text-align: left;\"><strong><a href=\"http:\/\/www.saintpierredeniveadour.fr\/index.php\/liturgie\/des-illustrations-liturgiques\" target=\"_blank\" rel=\"noopener noreferrer\"><em>Dessins liturgiques pour vos feuilles de messes<\/em><\/a><\/strong><\/td>\n<\/tr>\n<tr style=\"height: 24px;\">\n<td style=\"width: 30%; height: 24px; text-align: left;\"><em><strong><a href=\"http:\/\/viechretienne.catholique.org\/prieres\/prieres-universelles\/21944-la-priere-universelle-pour-les-nuls\" target=\"_blank\" rel=\"noopener noreferrer\">Aide \u00e0 la composition d&rsquo;une Pri\u00e8re universelle<\/a><\/strong><\/em><\/td>\n<\/tr>\n<tr style=\"height: 24px;\">\n<td style=\"width: 30%; height: 24px; text-align: left;\"><em><strong><a href=\"http:\/\/viechretienne.catholique.org\/prieres\/prieres-universelles\/21945-exemples-de-prieres-universelles\" target=\"_blank\" rel=\"noopener noreferrer\">Exemples de Pri\u00e8re Universelle<\/a><\/strong><\/em><\/td>\n<\/tr>\n<tr style=\"height: 24px;\">\n<td style=\"width: 30%; height: 24px; text-align: left;\"><a href=\"https:\/\/uparbois.org\/?page_id=97\"><em><span style=\"background-color: #ccffff; color: #ff0000;\"><strong>Recueil de \u00ab\u00a0Chants et Partitions\u00a0\u00bb<\/strong><\/span><\/em><\/a><\/td>\n<\/tr>\n<\/tbody>\n<\/table>\n<table style=\"width: 100%;\">\n<tbody>\n<tr>\n<td style=\"width: 27.9762%; text-align: left;\"><span style=\"font-size: 10pt;\">Coordinateurs<\/span><span style=\"text-decoration: underline;\"><span style=\"font-size: 10pt;\"><em><br \/>\n<\/em><\/span><\/span><\/td>\n<td style=\"width: 38.5715%; text-align: left;\"><span style=\"font-size: 10pt;\">Phone<\/span><\/td>\n<td style=\"width: 32.1428%; text-align: left;\"><span style=\"font-size: 8pt;\"><em>Paroisse<\/em><\/span><\/td>\n<\/tr>\n<tr>\n<td style=\"width: 27.9762%; text-align: left;\"><span style=\"font-size: 8pt;\">Mireille VAN DEN BRANDE<\/span><\/td>\n<td style=\"width: 38.5715%; text-align: left;\"><span style=\"font-size: 8pt;\">06 85 64 15 85<\/span><\/td>\n<td style=\"width: 32.1428%; text-align: left;\"><span style=\"font-size: 8pt;\">Cabri\u00e8s Calas<\/span><\/td>\n<\/tr>\n<tr>\n<td style=\"width: 27.9762%; text-align: left;\"><span style=\"font-size: 8pt;\">Jean Marc MOUGIN<\/span><\/td>\n<td style=\"width: 38.5715%; text-align: left;\"><span style=\"font-size: 8pt;\">04 42 22 25 37<\/span><\/td>\n<td style=\"width: 32.1428%; text-align: left;\"><span style=\"font-size: 8pt;\">Bouc Bel Air<\/span><\/td>\n<\/tr>\n<\/tbody>\n<\/table>\n<p style=\"text-align: center;\"><em><strong><span style=\"background-color: #ffff99; color: #800080;\"><a style=\"background-color: #ffff99; color: #800080;\" title=\"Portail Liturgie Catholique\" href=\"http:\/\/www.liturgiecatholique.fr\/\" target=\"_blank\" rel=\"noopener noreferrer\">le Portail de la Liturgie Catholique<\/a><\/span><\/strong><\/em><\/p>\n<hr \/>\n<p><span style=\"background-color: #ccffff; color: #ff0000;\"><span style=\"text-decoration: underline;\"><strong>Les couleurs de la liturgie :<br \/>\n<\/strong><\/span><\/span><\/p>\n<p><a href=\"https:\/\/uparbois.org\/wp-content\/uploads\/2014\/12\/couleurs-liturgiques-0217d.png\"><img loading=\"lazy\" decoding=\"async\" class=\"size-medium wp-image-5215 alignleft\" src=\"https:\/\/uparbois.org\/wp-content\/uploads\/2014\/12\/couleurs-liturgiques-0217d-300x300.png\" alt=\"couleurs-liturgiques-0217d\" width=\"300\" height=\"300\" srcset=\"https:\/\/uparbois.org\/wp-content\/uploads\/2014\/12\/couleurs-liturgiques-0217d-300x300.png 300w, https:\/\/uparbois.org\/wp-content\/uploads\/2014\/12\/couleurs-liturgiques-0217d-100x100.png 100w, https:\/\/uparbois.org\/wp-content\/uploads\/2014\/12\/couleurs-liturgiques-0217d.png 400w\" sizes=\"(max-width: 300px) 100vw, 300px\" \/><\/a><\/p>\n<p><strong><span style=\"color: #800080;\">Violet<\/span><\/strong> : P\u00e9nitence (Avent, Car\u00eame)<br \/>\n<strong><span style=\"color: #ff0000;\">Rouge :<\/span><\/strong> Martyrs, Rameaux, Vendredi saint, Pentec\u00f4te. (feu de l&rsquo;esprit jusqu&rsquo;au sacrifice de soi)<br \/>\n<span style=\"color: #008000;\"><strong>Vert :<\/strong><\/span> Temps ordinaire<br \/>\n<span style=\"color: #ffffff;\"><strong><span style=\"background-color: #ccffff;\"><span style=\"background-color: #008000;\">Blanc :<\/span><\/span><\/strong><\/span> Festif<br \/>\n<span style=\"color: #000000;\"><strong>Noir :<\/strong> D<\/span>\u00e9funt<br \/>\n<span style=\"color: #ff00ff;\"><strong>Rose :<\/strong><\/span> Gaudete et L\u00e6tare <em>(3\u00e8me dimanche de l&rsquo;avent et 4\u00e8me de car\u00eame)\u00a0 <\/em>on entre d\u00e9j\u00e0 dans la joie annonc\u00e9e de No\u00ebl et de P\u00e2ques.<\/p>\n<hr \/>\n<p><span style=\"background-color: #ccffff; color: #ff0000;\"><span style=\"text-decoration: underline;\"><strong>Les Servants de Messe<\/strong><\/span><strong>\u00a0:<\/strong><\/span><\/p>\n<p><a href=\"https:\/\/uparbois.org\/wp-content\/uploads\/2018\/07\/DSC00577.jpg\"><img loading=\"lazy\" decoding=\"async\" class=\" wp-image-10506 alignleft\" src=\"https:\/\/uparbois.org\/wp-content\/uploads\/2018\/07\/DSC00577-300x200.jpg\" alt=\"\" width=\"248\" height=\"165\" srcset=\"https:\/\/uparbois.org\/wp-content\/uploads\/2018\/07\/DSC00577-300x200.jpg 300w, https:\/\/uparbois.org\/wp-content\/uploads\/2018\/07\/DSC00577-768x512.jpg 768w, https:\/\/uparbois.org\/wp-content\/uploads\/2018\/07\/DSC00577-1024x682.jpg 1024w, https:\/\/uparbois.org\/wp-content\/uploads\/2018\/07\/DSC00577.jpg 1153w\" sizes=\"(max-width: 248px) 100vw, 248px\" \/><\/a>Une mani\u00e8re de participer et de s&rsquo;impliquer dans la c\u00e9l\u00e9bration eucharistique. Ouvert aux enfants et aux jeunes inscrits au cat\u00e9chisme ou \u00e0 l&rsquo;aum\u00f4nerie, d\u00e9sireux de servir, et qui s&rsquo;engagent \u00e0 participer avec r\u00e9gularit\u00e9 \u00e0 la messe du dimanche et aux activit\u00e9s du groupe.<\/p>\n<p>R\u00e9union 5 fois dans l&rsquo;ann\u00e9e :<\/p>\n<p>\u00e0 Calas le samedi de 17h \u00e0 18h.<\/p>\n<ul>\n<li>\u00e0 BBA le dimanche de 9h30 \u00e0 11h<br \/>\nOn peut devenir servant tout au long de l\u2019ann\u00e9e en s&rsquo; adressant au P\u00e8re Benoit, en fin de c\u00e9l\u00e9bration.<\/li>\n<\/ul>\n<p><span style=\"color: #ff0000;\"><span style=\"text-decoration: underline;\"><strong>Les Servantes d&rsquo;assembl\u00e9e<\/strong><\/span><strong>\u00a0:\u00a0<\/strong><\/span><\/p>\n<p><a href=\"https:\/\/uparbois.org\/wp-content\/uploads\/2018\/07\/DSC05959.jpg\"><img loading=\"lazy\" decoding=\"async\" class=\" wp-image-10507 alignleft\" src=\"https:\/\/uparbois.org\/wp-content\/uploads\/2018\/07\/DSC05959-300x200.jpg\" alt=\"\" width=\"245\" height=\"163\" srcset=\"https:\/\/uparbois.org\/wp-content\/uploads\/2018\/07\/DSC05959-300x200.jpg 300w, https:\/\/uparbois.org\/wp-content\/uploads\/2018\/07\/DSC05959-768x512.jpg 768w, https:\/\/uparbois.org\/wp-content\/uploads\/2018\/07\/DSC05959-1024x683.jpg 1024w, https:\/\/uparbois.org\/wp-content\/uploads\/2018\/07\/DSC05959.jpg 1920w\" sizes=\"(max-width: 245px) 100vw, 245px\" \/><\/a><\/p>\n<p>Pour le service de notre communaut\u00e9 et pour le bien de l\u2019\u00c9glise, les servantes\u00a0d&rsquo;assembl\u00e9e sont\u00a0comme la Vierge Marie qui se dit\u00a0<em>\u00ab\u00a0servante du Seigneur<\/em>\u00bb. Comme elle, les servantes d&rsquo;assembl\u00e9e ont pour mission d&rsquo;accueillir et de donner\u00a0: aux portes de l\u2019\u00e9glise et \u00e0 l\u2019offertoire, elles en montrent toute la valeur indiquant \u00e0 tous, \u00a0ce qu\u2019ils ne doivent jamais oublier, qu\u2019ils doivent \u00eatre des serviteurs \u00ab<em>Je suis au milieu de vous,<\/em> disait J\u00e9sus, <em>celui qui sert\u00bb<\/em><\/p>\n<p>R\u00e9union 5 fois dans l&rsquo;ann\u00e9e \u00e0 BBA le dimanche de 9h30 \u00e0 11h<\/p>\n<hr \/>\n<p><strong><span style=\"font-size: 12pt; color: #0000ff;\"><span style=\"text-decoration: underline;\"><a href=\"https:\/\/uparbois.org\/wp-content\/uploads\/2014\/07\/Pri\u00e8re.jpg\"><img loading=\"lazy\" decoding=\"async\" class=\"size-medium wp-image-2473 alignleft\" src=\"https:\/\/uparbois.org\/wp-content\/uploads\/2014\/07\/Pri\u00e8re-237x300.jpg\" alt=\"Pri\u00e8re\" width=\"237\" height=\"300\" srcset=\"https:\/\/uparbois.org\/wp-content\/uploads\/2014\/07\/Pri\u00e8re-237x300.jpg 237w, https:\/\/uparbois.org\/wp-content\/uploads\/2014\/07\/Pri\u00e8re.jpg 316w\" sizes=\"(max-width: 237px) 100vw, 237px\" \/><\/a><\/span><\/span><\/strong><strong><span style=\"font-size: 12pt; color: #0000ff;\"><span style=\"text-decoration: underline;\">LE ROSAIRE<\/span><\/span><\/strong><\/p>\n<p>Temps de pri\u00e8res, de louanges et de m\u00e9ditation,\u00a0 le moment privil\u00e9gi\u00e9 pour rendre gr\u00e2ce \u00e0 la Vierge Marie &#8211; A Cabri\u00e8s ou Calas, deux lundi matin par mois &#8211; A Bouc Bel Air, un mardi par mois \u00e0 17h &#8211;<\/p>\n<p><strong><span style=\"font-size: 12pt; color: #0000ff;\"><span style=\"text-decoration: underline;\">ADORATION DU SAINT SACREMENT :<\/span><\/span><br \/>\n<\/strong><\/p>\n<p>A Bouc Bel Air, le mardi de 8h 30 \u00e0 9h 00 &#8211; A Cabri\u00e8s-Calas, un jeudi par mois \u00e0 8h15 et le vendredi \u00e0 15h 00 &#8211;<\/p>\n<p><strong><span style=\"text-decoration: underline; font-size: 12pt; color: #0000ff;\">LAUDES<\/span><\/strong><\/p>\n<p>A Bouc Bel Air, au cours de la Messe du mardi matin &#8211; A Calas le samedi \u00e0 9h 00<\/p>\n<p>Les confessions individuelles se font \u00e0 Bouc Bel air le vendredi de 18h \u00e0 19h30, \u00e0 Gardanne le samedi de 9h30 \u00e0 10h30, mais aussi sur rendez-vous ou lors des temps pr\u00e9vus pendant les grandes f\u00eates religieuses.<\/p>\n","protected":false},"excerpt":{"rendered":"<p>Offrir une Messe&#8230; Un beau cadeau pour ceux que l&rsquo;on aime ! Imprimer le formulaire Les 4 \u00e9tapes de la Messe :\u00a0 Le livret \u00ab\u00a0Liturgie de la messe \u00ab\u00a0 Pourquoi la nouvelle traduction\u00a0 (source \u00a0\u00bb Idees-Cate.com\u00a0\u00bb) \u00a0Accueil Parole\u00a0 Eucharistie \u00a0Envoi L&rsquo; ANIMATION LITURGIQUE La minute liturgique d&rsquo;Olivier Windels \u00a0Le calendrier liturgique 2025 ann\u00e9e C Dessins [&hellip;]<\/p>\n","protected":false},"author":3,"featured_media":0,"parent":0,"menu_order":8,"comment_status":"closed","ping_status":"open","template":"","meta":{"ocean_post_layout":"","ocean_both_sidebars_style":"","ocean_both_sidebars_content_width":0,"ocean_both_sidebars_sidebars_width":0,"ocean_sidebar":"0","ocean_second_sidebar":"0","ocean_disable_margins":"enable","ocean_add_body_class":"","ocean_shortcode_before_top_bar":"","ocean_shortcode_after_top_bar":"","ocean_shortcode_before_header":"","ocean_shortcode_after_header":"","ocean_has_shortcode":"","ocean_shortcode_after_title":"","ocean_shortcode_before_footer_widgets":"","ocean_shortcode_after_footer_widgets":"","ocean_shortcode_before_footer_bottom":"","ocean_shortcode_after_footer_bottom":"","ocean_display_top_bar":"default","ocean_display_header":"default","ocean_header_style":"","ocean_center_header_left_menu":"0","ocean_custom_header_template":"0","ocean_custom_logo":0,"ocean_custom_retina_logo":0,"ocean_custom_logo_max_width":0,"ocean_custom_logo_tablet_max_width":0,"ocean_custom_logo_mobile_max_width":0,"ocean_custom_logo_max_height":0,"ocean_custom_logo_tablet_max_height":0,"ocean_custom_logo_mobile_max_height":0,"ocean_header_custom_menu":"0","ocean_menu_typo_font_family":"0","ocean_menu_typo_font_subset":"","ocean_menu_typo_font_size":0,"ocean_menu_typo_font_size_tablet":0,"ocean_menu_typo_font_size_mobile":0,"ocean_menu_typo_font_size_unit":"px","ocean_menu_typo_font_weight":"","ocean_menu_typo_font_weight_tablet":"","ocean_menu_typo_font_weight_mobile":"","ocean_menu_typo_transform":"","ocean_menu_typo_transform_tablet":"","ocean_menu_typo_transform_mobile":"","ocean_menu_typo_line_height":0,"ocean_menu_typo_line_height_tablet":0,"ocean_menu_typo_line_height_mobile":0,"ocean_menu_typo_line_height_unit":"","ocean_menu_typo_spacing":0,"ocean_menu_typo_spacing_tablet":0,"ocean_menu_typo_spacing_mobile":0,"ocean_menu_typo_spacing_unit":"","ocean_menu_link_color":"","ocean_menu_link_color_hover":"","ocean_menu_link_color_active":"","ocean_menu_link_background":"","ocean_menu_link_hover_background":"","ocean_menu_link_active_background":"","ocean_menu_social_links_bg":"","ocean_menu_social_hover_links_bg":"","ocean_menu_social_links_color":"","ocean_menu_social_hover_links_color":"","ocean_disable_title":"default","ocean_disable_heading":"default","ocean_post_title":"","ocean_post_subheading":"","ocean_post_title_style":"","ocean_post_title_background_color":"","ocean_post_title_background":0,"ocean_post_title_bg_image_position":"","ocean_post_title_bg_image_attachment":"","ocean_post_title_bg_image_repeat":"","ocean_post_title_bg_image_size":"","ocean_post_title_height":0,"ocean_post_title_bg_overlay":0.5,"ocean_post_title_bg_overlay_color":"","ocean_disable_breadcrumbs":"default","ocean_breadcrumbs_color":"","ocean_breadcrumbs_separator_color":"","ocean_breadcrumbs_links_color":"","ocean_breadcrumbs_links_hover_color":"","ocean_display_footer_widgets":"default","ocean_display_footer_bottom":"default","ocean_custom_footer_template":"0","footnotes":""},"_links":{"self":[{"href":"https:\/\/uparbois.org\/index.php?rest_route=\/wp\/v2\/pages\/3137"}],"collection":[{"href":"https:\/\/uparbois.org\/index.php?rest_route=\/wp\/v2\/pages"}],"about":[{"href":"https:\/\/uparbois.org\/index.php?rest_route=\/wp\/v2\/types\/page"}],"author":[{"embeddable":true,"href":"https:\/\/uparbois.org\/index.php?rest_route=\/wp\/v2\/users\/3"}],"replies":[{"embeddable":true,"href":"https:\/\/uparbois.org\/index.php?rest_route=%2Fwp%2Fv2%2Fcomments&post=3137"}],"version-history":[{"count":182,"href":"https:\/\/uparbois.org\/index.php?rest_route=\/wp\/v2\/pages\/3137\/revisions"}],"predecessor-version":[{"id":19575,"href":"https:\/\/uparbois.org\/index.php?rest_route=\/wp\/v2\/pages\/3137\/revisions\/19575"}],"wp:attachment":[{"href":"https:\/\/uparbois.org\/index.php?rest_route=%2Fwp%2Fv2%2Fmedia&parent=3137"}],"curies":[{"name":"wp","href":"https:\/\/api.w.org\/{rel}","templated":true}]}}