{"id":1627,"date":"2014-07-24T17:32:10","date_gmt":"2014-07-24T15:32:10","guid":{"rendered":"http:\/\/localhost\/wordpress\/?page_id=1627"},"modified":"2025-10-27T15:55:16","modified_gmt":"2025-10-27T14:55:16","slug":"le-deuil","status":"publish","type":"page","link":"https:\/\/uparbois.org\/?page_id=1627","title":{"rendered":"Accompagner le Deuil"},"content":{"rendered":"\n<p><span style=\"color: #993300;\"><strong>R\u00e9serv\u00e9 aux entreprises de Pompes Fun\u00e8bres, vous pouvez joindre un membre de l&rsquo;\u00e9quipe du Deuil au 06 75 03 36 92<\/strong><\/span><\/p>\n<p>\u00a0<\/p>\n<hr \/>\n\n\n<div id=\"Titre3\">\n<p style=\"font-weight: bold; text-align: left;\"><em><span style=\"background-color: #999999; color: #ffffff;\"><img loading=\"lazy\" decoding=\"async\" class=\"size-medium wp-image-2555 alignleft\" src=\"https:\/\/uparbois.org\/wp-content\/uploads\/2014\/07\/IRIS-224x300.jpg\" alt=\"\" width=\"224\" height=\"300\" srcset=\"https:\/\/uparbois.org\/wp-content\/uploads\/2014\/07\/IRIS-224x300.jpg 224w, https:\/\/uparbois.org\/wp-content\/uploads\/2014\/07\/IRIS-764x1024.jpg 764w, https:\/\/uparbois.org\/wp-content\/uploads\/2014\/07\/IRIS.jpg 784w\" sizes=\"(max-width: 224px) 100vw, 224px\" \/>Une \u00c9glise qui prie et qui c\u00e9l\u00e8bre &#8230;<\/span><\/em><\/p>\n<p style=\"font-weight: bold; text-align: left;\"><span style=\"font-family: Calibri; font-size: 14pt;\"><b><span style=\"color: #ffffff; background-color: #999999;\">Des Fun\u00e9railles chr\u00e9tiennes<\/span><\/b><\/span><\/p>\n<\/div>\n<div id=\"Text2\">\n<p><span style=\"font-family: Calibri;\">Au d\u00e9c\u00e8s d\u2019un proche, l\u2019\u00c9glise veut \u00eatre pr\u00e9sente\u00a0 afin d\u2019accueillir ceux qui sont dans la peine et confier \u00e0 Dieu la personne d\u00e9c\u00e9d\u00e9e. <\/span><\/p>\n<p><span style=\"font-family: Calibri;\">Apr\u00e8s avoir pris contact avec les Pompes fun\u00e8bres de votre choix et la Paroisse pour fixer le jour et l\u2019heure de la c\u00e9l\u00e9bration,<\/span><\/p>\n<p><span style=\"font-family: Calibri;\"> il vous sera propos\u00e9 une rencontre, soit au domicile, soit au presbyt\u00e8re. <\/span><\/p>\n<p><span style=\"font-family: Calibri;\">Le pr\u00eatre, le diacre ou les paroissiens de l&rsquo;\u00e9quipe de la Pastorale du Deuil sont disponibles pour vous \u00e9couter, vous accompagner et cheminer avec vous dans le deuil. <\/span><\/p>\n<p><span style=\"font-family: Calibri;\">La c\u00e9r\u00e9monie religieuse est alors pr\u00e9par\u00e9e. <strong>L&rsquo;\u00e9quipe de la Pastorale du Deuil est compos\u00e9e de la\u00efcs de la paroisse<\/strong>. Ils ont re\u00e7u une formation et une lettre de mission de l\u2019\u00c9v\u00eaque; ils peuvent \u00eatre amen\u00e9s \u00e0 conduire votre c\u00e9r\u00e9monie.<\/span><\/p>\n<p><strong>Accueil Paroisse de Bouc bel Air\u00a0\u00a0\u00a0 : 04 42 22 09 34<\/strong><\/p>\n<p><strong>Accueil Paroisse de Cabri\u00e8s Calas : 04 42 69 06 34<\/strong><\/p>\n<\/div>\n<div id=\"Text2\">\n<hr \/><\/div>\n<p><img loading=\"lazy\" decoding=\"async\" class=\" wp-image-6500 alignleft\" src=\"https:\/\/uparbois.org\/wp-content\/uploads\/2014\/07\/Rembrandt-w-234x300.jpg\" alt=\"\" width=\"222\" height=\"285\" srcset=\"https:\/\/uparbois.org\/wp-content\/uploads\/2014\/07\/Rembrandt-w-234x300.jpg 234w, https:\/\/uparbois.org\/wp-content\/uploads\/2014\/07\/Rembrandt-w.jpg 480w\" sizes=\"(max-width: 222px) 100vw, 222px\" \/><\/p>\n<p><strong>\u00c9vangile de Saint Jean 17, 20-26<\/strong><\/p>\n<p>P\u00e8re, je ne prie pas seulement pour ceux qui sont l\u00e0, mais encore pour ceux qui accueilleront leur parole et croiront en moi:<\/p>\n<p>Que tous, ils soient un, comme toi, P\u00e8re, tu es en moi, et moi en toi. Qu&rsquo;ils soient un en nous, eux aussi, pour que le monde croie que tu m&rsquo;as envoy\u00e9.<\/p>\n<p>Et moi, je leur ai donn\u00e9 la gloire que tu m&rsquo;as donn\u00e9e, pour qu&rsquo;ils soient un comme nous sommes un : moi en eux, et toi en moi.<\/p>\n<p>Que leur unit\u00e9 soit parfaite ainsi, le monde saura que tu m&rsquo;as envoy\u00e9, et que tu les as aim\u00e9s comme tu m&rsquo;as aim\u00e9.<\/p>\n<p>P\u00e8re, ceux que tu m&rsquo;as donn\u00e9s, je veux que l\u00e0 o\u00f9 je suis, eux aussi soient avec moi, et qu&rsquo;ils contemplent ma gloire, celle que tu m&rsquo;as donn\u00e9e parce que tu m&rsquo;as aim\u00e9 avant m\u00eame la cr\u00e9ation du monde.<\/p>\n<p>P\u00e8re juste, le monde ne t&rsquo;a pas connu, mais moi je t&rsquo;ai connu, et ils ont reconnu, eux aussi, que tu m&rsquo;as envoy\u00e9. Je leur ai fait conna\u00eetre ton nom, et je le ferai conna\u00eetre encore : pour qu&rsquo;ils aient en eux l&rsquo;amour dont tu m&rsquo;as aim\u00e9, et que moi aussi, je sois en eux.\u00a0\u00bb<\/p>\n<p><span style=\"color: #800000;\"><sub><em>\u00a0 Le retour du fils prodigue de Rembrandt<\/em><\/sub><\/span><\/p>\n<hr \/>\n<p><img loading=\"lazy\" decoding=\"async\" class=\" wp-image-11946 alignleft\" src=\"https:\/\/uparbois.org\/wp-content\/uploads\/2019\/03\/croix-nuages-ciel-300x200.jpg\" alt=\"\" width=\"218\" height=\"145\" srcset=\"https:\/\/uparbois.org\/wp-content\/uploads\/2019\/03\/croix-nuages-ciel-300x200.jpg 300w, https:\/\/uparbois.org\/wp-content\/uploads\/2019\/03\/croix-nuages-ciel-768x512.jpg 768w, https:\/\/uparbois.org\/wp-content\/uploads\/2019\/03\/croix-nuages-ciel.jpg 960w\" sizes=\"(max-width: 218px) 100vw, 218px\" \/><\/p>\n<p><strong>La pri\u00e8re du d\u00e9funt<\/strong><\/p>\n<p>Seigneur Dieu, je Te prie pour l\u2019\u00eatre que j\u2019aimais et qui est parti dans la mort.<br \/>Je viens mettre devant Toi ma peine, ma nostalgie de celui qui est parti. Il me manque.<\/p>\n<p>Je T\u2019offre ce vide, cette s\u00e9paration.<br \/>\u00c0 travers cette mort, fais-moi grandir en humanit\u00e9, en disponibilit\u00e9, en confiance.<br \/>D\u00e9sormais celui que j\u2019aimais et qui est parti est de l\u2019autre c\u00f4t\u00e9 de la mort.<br \/>&#8230;\/&#8230;<\/p>\n<p><a href=\"https:\/\/uparbois.org\/wp-content\/uploads\/2014\/07\/Pri\u00e8re-du-d\u00e9funt.pdf\" target=\"_blank\" rel=\"noopener\"><em>Lire la suite de la pri\u00e8re du d\u00e9funt<\/em><\/a><\/p>\n<hr \/>\n<p><img loading=\"lazy\" decoding=\"async\" class=\"alignleft wp-image-4071 size-thumbnail\" src=\"https:\/\/uparbois.org\/wp-content\/uploads\/2014\/12\/Offrande-Messe-Recto-OrangeW-100x100.jpg\" alt=\"Offrande Messe Recto OrangeW\" width=\"100\" height=\"100\" \/> <strong>Offrir une Messe<\/strong>&#8230;. un beau cadeau pour ceux que l&rsquo;on aime<\/p>\n<p><a href=\"https:\/\/uparbois.org\/wp-content\/uploads\/2024\/05\/Offrande-messe-verso-2024-05.jpg\" target=\"_blank\" rel=\"noopener\"><em>Imprimer le formulaire<\/em><\/a><\/p>\n\n","protected":false},"excerpt":{"rendered":"<p>R\u00e9serv\u00e9 aux entreprises de Pompes Fun\u00e8bres, vous pouvez joindre un membre de l&rsquo;\u00e9quipe du Deuil au 06 75 03 36 92 \u00a0 Une \u00c9glise qui prie et qui c\u00e9l\u00e8bre &#8230; Des Fun\u00e9railles chr\u00e9tiennes Au d\u00e9c\u00e8s d\u2019un proche, l\u2019\u00c9glise veut \u00eatre pr\u00e9sente\u00a0 afin d\u2019accueillir ceux qui sont dans la peine et confier \u00e0 Dieu la personne [&hellip;]<\/p>\n","protected":false},"author":2,"featured_media":0,"parent":0,"menu_order":5,"comment_status":"closed","ping_status":"closed","template":"","meta":{"ocean_post_layout":"","ocean_both_sidebars_style":"","ocean_both_sidebars_content_width":0,"ocean_both_sidebars_sidebars_width":0,"ocean_sidebar":"0","ocean_second_sidebar":"0","ocean_disable_margins":"enable","ocean_add_body_class":"","ocean_shortcode_before_top_bar":"","ocean_shortcode_after_top_bar":"","ocean_shortcode_before_header":"","ocean_shortcode_after_header":"","ocean_has_shortcode":"","ocean_shortcode_after_title":"","ocean_shortcode_before_footer_widgets":"","ocean_shortcode_after_footer_widgets":"","ocean_shortcode_before_footer_bottom":"","ocean_shortcode_after_footer_bottom":"","ocean_display_top_bar":"default","ocean_display_header":"default","ocean_header_style":"","ocean_center_header_left_menu":"0","ocean_custom_header_template":"0","ocean_custom_logo":0,"ocean_custom_retina_logo":0,"ocean_custom_logo_max_width":0,"ocean_custom_logo_tablet_max_width":0,"ocean_custom_logo_mobile_max_width":0,"ocean_custom_logo_max_height":0,"ocean_custom_logo_tablet_max_height":0,"ocean_custom_logo_mobile_max_height":0,"ocean_header_custom_menu":"0","ocean_menu_typo_font_family":"0","ocean_menu_typo_font_subset":"","ocean_menu_typo_font_size":0,"ocean_menu_typo_font_size_tablet":0,"ocean_menu_typo_font_size_mobile":0,"ocean_menu_typo_font_size_unit":"px","ocean_menu_typo_font_weight":"","ocean_menu_typo_font_weight_tablet":"","ocean_menu_typo_font_weight_mobile":"","ocean_menu_typo_transform":"","ocean_menu_typo_transform_tablet":"","ocean_menu_typo_transform_mobile":"","ocean_menu_typo_line_height":0,"ocean_menu_typo_line_height_tablet":0,"ocean_menu_typo_line_height_mobile":0,"ocean_menu_typo_line_height_unit":"","ocean_menu_typo_spacing":0,"ocean_menu_typo_spacing_tablet":0,"ocean_menu_typo_spacing_mobile":0,"ocean_menu_typo_spacing_unit":"","ocean_menu_link_color":"","ocean_menu_link_color_hover":"","ocean_menu_link_color_active":"","ocean_menu_link_background":"","ocean_menu_link_hover_background":"","ocean_menu_link_active_background":"","ocean_menu_social_links_bg":"","ocean_menu_social_hover_links_bg":"","ocean_menu_social_links_color":"","ocean_menu_social_hover_links_color":"","ocean_disable_title":"default","ocean_disable_heading":"default","ocean_post_title":"","ocean_post_subheading":"","ocean_post_title_style":"","ocean_post_title_background_color":"","ocean_post_title_background":0,"ocean_post_title_bg_image_position":"","ocean_post_title_bg_image_attachment":"","ocean_post_title_bg_image_repeat":"","ocean_post_title_bg_image_size":"","ocean_post_title_height":0,"ocean_post_title_bg_overlay":0.5,"ocean_post_title_bg_overlay_color":"","ocean_disable_breadcrumbs":"default","ocean_breadcrumbs_color":"","ocean_breadcrumbs_separator_color":"","ocean_breadcrumbs_links_color":"","ocean_breadcrumbs_links_hover_color":"","ocean_display_footer_widgets":"default","ocean_display_footer_bottom":"default","ocean_custom_footer_template":"0","footnotes":""},"_links":{"self":[{"href":"https:\/\/uparbois.org\/index.php?rest_route=\/wp\/v2\/pages\/1627"}],"collection":[{"href":"https:\/\/uparbois.org\/index.php?rest_route=\/wp\/v2\/pages"}],"about":[{"href":"https:\/\/uparbois.org\/index.php?rest_route=\/wp\/v2\/types\/page"}],"author":[{"embeddable":true,"href":"https:\/\/uparbois.org\/index.php?rest_route=\/wp\/v2\/users\/2"}],"replies":[{"embeddable":true,"href":"https:\/\/uparbois.org\/index.php?rest_route=%2Fwp%2Fv2%2Fcomments&post=1627"}],"version-history":[{"count":45,"href":"https:\/\/uparbois.org\/index.php?rest_route=\/wp\/v2\/pages\/1627\/revisions"}],"predecessor-version":[{"id":20115,"href":"https:\/\/uparbois.org\/index.php?rest_route=\/wp\/v2\/pages\/1627\/revisions\/20115"}],"wp:attachment":[{"href":"https:\/\/uparbois.org\/index.php?rest_route=%2Fwp%2Fv2%2Fmedia&parent=1627"}],"curies":[{"name":"wp","href":"https:\/\/api.w.org\/{rel}","templated":true}]}}