{"id":1542,"date":"2014-07-24T12:22:26","date_gmt":"2014-07-24T10:22:26","guid":{"rendered":"http:\/\/localhost\/wordpress\/?page_id=1542"},"modified":"2025-10-27T15:45:54","modified_gmt":"2025-10-27T14:45:54","slug":"presbytere","status":"publish","type":"page","link":"https:\/\/uparbois.org\/?page_id=1542","title":{"rendered":"Presbyt\u00e8re Bouc Bel Air"},"content":{"rendered":"<h1 style=\"text-align: center;\"><span style=\"color: #008000; font-family: Calibri;\"><b><i>Paroisse de Bouc Bel Air<\/i><\/b><\/span><\/h1>\n<p style=\"text-align: center;\"><img loading=\"lazy\" decoding=\"async\" class=\"alignnone size-full wp-image-17087\" src=\"https:\/\/uparbois.org\/wp-content\/uploads\/2022\/09\/Presbytere-BBA.jpg\" alt=\"\" width=\"1201\" height=\"336\" srcset=\"https:\/\/uparbois.org\/wp-content\/uploads\/2022\/09\/Presbytere-BBA.jpg 1201w, https:\/\/uparbois.org\/wp-content\/uploads\/2022\/09\/Presbytere-BBA-300x84.jpg 300w, https:\/\/uparbois.org\/wp-content\/uploads\/2022\/09\/Presbytere-BBA-1024x286.jpg 1024w, https:\/\/uparbois.org\/wp-content\/uploads\/2022\/09\/Presbytere-BBA-768x215.jpg 768w\" sizes=\"(max-width: 1201px) 100vw, 1201px\" \/>\u00a0 Le presbyt\u00e8re de Bouc Bel air est attenant \u00e0 l&rsquo;\u00e9glise Saint Andr\u00e9. L&rsquo;acc\u00e8s se fait par la grille du jardin.<\/p>\n<p style=\"text-align: center;\"><span style=\"font-size: 10pt;\">Coordonn\u00e9es GPS : <span class=\"cards-reveal-left-container cards-reveal-show-lat-lng\">43.451924 &#8211;\u00a0 5.413217<\/span><\/span><\/p>\n<hr \/>\n<p style=\"text-align: center;\">\u00a0\u00a0<span style=\"color: #0000ff;\">\u00a0 <span style=\"font-family: Calibri;\"><b><span style=\"text-decoration: underline;\">L&rsquo;adresse postale est<\/span> :<\/b><\/span><\/span><\/p>\n<p><img loading=\"lazy\" decoding=\"async\" class=\"alignnone size-large wp-image-19176\" src=\"https:\/\/uparbois.org\/wp-content\/uploads\/2024\/08\/Adresse-BBA-Luc-Marie-1024x509.jpg\" alt=\"\" width=\"1024\" height=\"509\" srcset=\"https:\/\/uparbois.org\/wp-content\/uploads\/2024\/08\/Adresse-BBA-Luc-Marie-1024x509.jpg 1024w, https:\/\/uparbois.org\/wp-content\/uploads\/2024\/08\/Adresse-BBA-Luc-Marie-300x149.jpg 300w, https:\/\/uparbois.org\/wp-content\/uploads\/2024\/08\/Adresse-BBA-Luc-Marie-768x381.jpg 768w, https:\/\/uparbois.org\/wp-content\/uploads\/2024\/08\/Adresse-BBA-Luc-Marie.jpg 1071w\" sizes=\"(max-width: 1024px) 100vw, 1024px\" \/><\/p>\n<hr \/>\n<p><span style=\"font-size: 10pt;\">Vous pouvez nous joindre par :<br \/>\n<\/span><\/p>\n<p><span style=\"font-family: Calibri;\">T\u00e9l. : <strong>04 42 22 09 34\u00a0 \u00a0<\/strong><\/span><span style=\"font-family: Calibri;\"> courriel : <a href=\"mailto:bbaparoisse@gmail.com\" target=\"_blank\" rel=\"noopener\">bbaparoisse@gmail.com<\/a><\/span><\/p>\n<hr \/>\n<p><img loading=\"lazy\" decoding=\"async\" class=\"alignnone size-medium wp-image-17081\" src=\"https:\/\/uparbois.org\/wp-content\/uploads\/2022\/09\/secretariat-2-300x200.jpg\" alt=\"\" width=\"300\" height=\"200\" srcset=\"https:\/\/uparbois.org\/wp-content\/uploads\/2022\/09\/secretariat-2-300x200.jpg 300w, https:\/\/uparbois.org\/wp-content\/uploads\/2022\/09\/secretariat-2-1024x684.jpg 1024w, https:\/\/uparbois.org\/wp-content\/uploads\/2022\/09\/secretariat-2-768x513.jpg 768w, https:\/\/uparbois.org\/wp-content\/uploads\/2022\/09\/secretariat-2-272x182.jpg 272w, https:\/\/uparbois.org\/wp-content\/uploads\/2022\/09\/secretariat-2.jpg 1198w\" sizes=\"(max-width: 300px) 100vw, 300px\" \/><\/p>\n<p><span style=\"font-family: Calibri;\">Pascale BOUYOUX et quelques <span style=\"font-family: Calibri; font-size: 12pt;\">paroissiennes b\u00e9n\u00e9voles assurent le secr\u00e9tariat et l&rsquo;accueil\u00a0 de notre paroisse. <\/span><\/span><\/p>\n<p><span style=\"font-family: Calibri;\"><span style=\"font-family: Calibri; font-size: 12pt;\"><span style=\"color: #0000ff;\"><strong>E<\/strong><\/span><\/span><\/span><strong><span style=\"color: #0000ff;\">n p\u00e9riode scolaire, l&rsquo;accueil est ouvert les lundi, mardi, jeudi, vendredi et samedi de 9h00 \u00e0 11h30<\/span><\/strong><\/p>\n<p><span style=\"color: #ffffff;\"><span style=\"color: #999999;\"><em><span style=\"background-color: #ffffff;\">Pendant les vacances scolaires, l&rsquo;accueil\u00a0 est\u00a0 ouvert les mardi, jeudi et samedi de 9h \u00e0 11h30<\/span><\/em><\/span><strong><span style=\"background-color: #ffffff; color: #000000;\"><br \/>\n<\/span><\/strong><\/span><\/p>\n<p><span style=\"color: #ff0000;\"><strong>\u00a0<\/strong><\/span><span style=\"color: #000000;\"><strong><span style=\"background-color: #ffffff;\"><span style=\"color: #ffffff;\">vert les\u00a0 mardi, jeudi et samedi de 9h00 \u00e0 11h30 ! (sauf jours f\u00e9ri\u00e9s)<\/span> <\/span><\/strong><\/span><\/p>\n","protected":false},"excerpt":{"rendered":"<p>Paroisse de Bouc Bel Air \u00a0 Le presbyt\u00e8re de Bouc Bel air est attenant \u00e0 l&rsquo;\u00e9glise Saint Andr\u00e9. L&rsquo;acc\u00e8s se fait par la grille du jardin. Coordonn\u00e9es GPS : 43.451924 &#8211;\u00a0 5.413217 \u00a0\u00a0\u00a0 L&rsquo;adresse postale est : Vous pouvez nous joindre par : T\u00e9l. : 04 42 22 09 34\u00a0 \u00a0 courriel : bbaparoisse@gmail.com Pascale [&hellip;]<\/p>\n","protected":false},"author":2,"featured_media":0,"parent":0,"menu_order":1,"comment_status":"closed","ping_status":"closed","template":"","meta":{"ocean_post_layout":"","ocean_both_sidebars_style":"","ocean_both_sidebars_content_width":0,"ocean_both_sidebars_sidebars_width":0,"ocean_sidebar":"0","ocean_second_sidebar":"0","ocean_disable_margins":"enable","ocean_add_body_class":"","ocean_shortcode_before_top_bar":"","ocean_shortcode_after_top_bar":"","ocean_shortcode_before_header":"","ocean_shortcode_after_header":"","ocean_has_shortcode":"","ocean_shortcode_after_title":"","ocean_shortcode_before_footer_widgets":"","ocean_shortcode_after_footer_widgets":"","ocean_shortcode_before_footer_bottom":"","ocean_shortcode_after_footer_bottom":"","ocean_display_top_bar":"default","ocean_display_header":"default","ocean_header_style":"","ocean_center_header_left_menu":"0","ocean_custom_header_template":"0","ocean_custom_logo":0,"ocean_custom_retina_logo":0,"ocean_custom_logo_max_width":0,"ocean_custom_logo_tablet_max_width":0,"ocean_custom_logo_mobile_max_width":0,"ocean_custom_logo_max_height":0,"ocean_custom_logo_tablet_max_height":0,"ocean_custom_logo_mobile_max_height":0,"ocean_header_custom_menu":"0","ocean_menu_typo_font_family":"0","ocean_menu_typo_font_subset":"","ocean_menu_typo_font_size":0,"ocean_menu_typo_font_size_tablet":0,"ocean_menu_typo_font_size_mobile":0,"ocean_menu_typo_font_size_unit":"px","ocean_menu_typo_font_weight":"","ocean_menu_typo_font_weight_tablet":"","ocean_menu_typo_font_weight_mobile":"","ocean_menu_typo_transform":"","ocean_menu_typo_transform_tablet":"","ocean_menu_typo_transform_mobile":"","ocean_menu_typo_line_height":0,"ocean_menu_typo_line_height_tablet":0,"ocean_menu_typo_line_height_mobile":0,"ocean_menu_typo_line_height_unit":"","ocean_menu_typo_spacing":0,"ocean_menu_typo_spacing_tablet":0,"ocean_menu_typo_spacing_mobile":0,"ocean_menu_typo_spacing_unit":"","ocean_menu_link_color":"","ocean_menu_link_color_hover":"","ocean_menu_link_color_active":"","ocean_menu_link_background":"","ocean_menu_link_hover_background":"","ocean_menu_link_active_background":"","ocean_menu_social_links_bg":"","ocean_menu_social_hover_links_bg":"","ocean_menu_social_links_color":"","ocean_menu_social_hover_links_color":"","ocean_disable_title":"default","ocean_disable_heading":"default","ocean_post_title":"","ocean_post_subheading":"","ocean_post_title_style":"","ocean_post_title_background_color":"","ocean_post_title_background":0,"ocean_post_title_bg_image_position":"","ocean_post_title_bg_image_attachment":"","ocean_post_title_bg_image_repeat":"","ocean_post_title_bg_image_size":"","ocean_post_title_height":0,"ocean_post_title_bg_overlay":0.5,"ocean_post_title_bg_overlay_color":"","ocean_disable_breadcrumbs":"default","ocean_breadcrumbs_color":"","ocean_breadcrumbs_separator_color":"","ocean_breadcrumbs_links_color":"","ocean_breadcrumbs_links_hover_color":"","ocean_display_footer_widgets":"default","ocean_display_footer_bottom":"default","ocean_custom_footer_template":"0","footnotes":""},"_links":{"self":[{"href":"https:\/\/uparbois.org\/index.php?rest_route=\/wp\/v2\/pages\/1542"}],"collection":[{"href":"https:\/\/uparbois.org\/index.php?rest_route=\/wp\/v2\/pages"}],"about":[{"href":"https:\/\/uparbois.org\/index.php?rest_route=\/wp\/v2\/types\/page"}],"author":[{"embeddable":true,"href":"https:\/\/uparbois.org\/index.php?rest_route=\/wp\/v2\/users\/2"}],"replies":[{"embeddable":true,"href":"https:\/\/uparbois.org\/index.php?rest_route=%2Fwp%2Fv2%2Fcomments&post=1542"}],"version-history":[{"count":119,"href":"https:\/\/uparbois.org\/index.php?rest_route=\/wp\/v2\/pages\/1542\/revisions"}],"predecessor-version":[{"id":20108,"href":"https:\/\/uparbois.org\/index.php?rest_route=\/wp\/v2\/pages\/1542\/revisions\/20108"}],"wp:attachment":[{"href":"https:\/\/uparbois.org\/index.php?rest_route=%2Fwp%2Fv2%2Fmedia&parent=1542"}],"curies":[{"name":"wp","href":"https:\/\/api.w.org\/{rel}","templated":true}]}}